True
Is 140 a factor of 5460?
True
Is 4 a factor of 154?
False
Is 1637 a multiple of 54?
False
Is 2784 a multiple of 226?
False
Does 15 divide 4159?
False
Is 38 a factor of 9112?
False
Is 67 a factor of 7571?
True
Does 79 divide 44556?
True
Is 30 a factor of 56070?
True
Is 50 a factor of 1200?
True
Does 142 divide 5321?
False
Is 1487 a multiple of 50?
False
Is 5 a factor of 5194?
False
Is 169 a factor of 117793?
True
Does 7 divide 1862?
True
Is 6845 a multiple of 8?
False
Does 37 divide 3887?
False
Is 7265 a multiple of 46?
False
Is 8 a factor of 12320?
True
Is 4 a factor of 600?
True
Is 43 a factor of 429?
False
Is 2375 a multiple of 22?
False
Is 49 a factor of 1920?
False
Is 47 a factor of 29939?
True
Is 9995 a multiple of 77?
False
Is 18 a factor of 2005?
False
Is 39653 a multiple of 313?
False
Does 113 divide 12769?
True
Is 6 a factor of 16423?
False
Does 20 divide 100?
True
Is 770 a multiple of 2?
True
Is 5652 a multiple of 9?
True
Is 5994 a multiple of 27?
True
Is 21567 a multiple of 137?
False
Does 5 divide 282?
False
Does 37 divide 17094?
True
Does 21 divide 1176?
True
Does 62 divide 3253?
False
Does 12 divide 7385?
False
Does 45 divide 72180?
True
Is 50 a factor of 6000?
True
Is 121 a factor of 3281?
False
Is 5 a factor of 208?
False
Does 3 divide 1569?
True
Is 132 a multiple of 22?
True
Does 20 divide 3560?
True
Is 552 a multiple of 12?
True
Does 83 divide 46646?
True
Is 457 a multiple of 53?
False
Does 13 divide 1852?
False
Does 10 divide 1489?
False
Is 122 even?
True
Is 8174 a multiple of 89?
False
Is 70 a factor of 490?
True
Is 123 a multiple of 24?
False
Is 24 a factor of 677?
False
Is 24 a factor of 1104?
True
Is 15 a factor of 28680?
True
Is 707 a multiple of 101?
True
Is 3 a factor of 4190?
False
Does 4 divide 1808?
True
Is 28950 a multiple of 10?
True
Does 8 divide 944?
True
Is 11286 a multiple of 27?
True
Is 39537 a multiple of 208?
False
Is 111 a factor of 8214?
True
Is 1064 a multiple of 38?
True
Is 13248 a multiple of 48?
True
Is 10 a factor of 2062?
False
Is 135 a factor of 2665?
False
Is 22 a factor of 230?
False
Is 12 a factor of 2177?
False
Is 25473 a multiple of 21?
True
Is 244 a multiple of 11?
False
Does 8 divide 232?
True
Does 31 divide 5987?
False
Is 146169 a multiple of 109?
True
Is 3347 a multiple of 12?
False
Does 11 divide 252?
False
Is 1412 a multiple of 83?
False
Does 7 divide 3942?
False
Is 19 a factor of 855?
True
Is 53 a factor of 23002?
True
Is 93 even?
False
Is 34 a factor of 18169?
False
Is 425 a multiple of 25?
True
Does 67 divide 2301?
False
Does 5 divide 1560?
True
Does 47 divide 30832?
True
Does 8 divide 877?
False
Does 3 divide 1975?
False
Is 3510 a multiple of 54?
True
Is 14 a factor of 18700?
False
Does 33 divide 949?
False
Does 12 divide 2922?
False
Is 18 a factor of 1170?
True
Is 5 a factor of 8070?
True
Does 5 divide 1182?
False
Is 11113 a multiple of 13?
False
Is 980 a multiple of 28?
True
Is 14 a factor of 224?
True
Does 2 divide 120?
True
Is 3280 a multiple of 20?
True
Does 59 divide 1829?
True
Does 67 divide 44488?
True
Is 5008 a multiple of 10?
False
Is 896 a multiple of 86?
False
Is 8667 a multiple of 9?
True
Is 131 a factor of 16506?
True
Is 20110 a multiple of 6?
False
Is 24 a factor of 171?
False
Does 56 divide 59752?
True
Is 4 a factor of 124?
True
Does 23 divide 6141?
True
Is 8 a factor of 318?
False
Is 62181 a multiple of 441?
True
Does 15 divide 17384?
False
Is 22155 a multiple of 105?
True
Is 3276 a multiple of 14?
True
Does 17 divide 40800?
True
Is 4303 a multiple of 7?
False
Does 18 divide 16419?
False
Does 123 divide 1579?
False
Does 13 divide 1337?
False
Is 21 a factor of 1197?
True
Is 38 a factor of 841?
False
Is 87 a factor of 26187?
True
Is 911 a multiple of 16?
False
Is 220 even?
True
Is 64 a multiple of 8?
True
Is 12453 a multiple of 21?
True
Is 55 a factor of 9845?
True
Is 10 a factor of 358?
False
Is 169 a multiple of 5?
False
Is 784 a multiple of 2?
True
Is 16 a factor of 3888?
True
Does 48 divide 5760?
True
Is 28 a factor of 39967?
False
Does 4 divide 512?
True
Does 22 divide 3178?
False
Does 35 divide 399?
False
Is 488 even?
True
Is 84 a factor of 21252?
True
Is 55391 a multiple of 214?
False
Is 1782 a multiple of 27?
True
Does 13 divide 444?
False
Does 25 divide 1100?
True
Is 53124 a multiple of 114?
True
Does 10 divide 3109?
False
Is 7784 a multiple of 14?
True
Is 13265 a multiple of 66?
False
Is 2 a factor of 73?
False
Is 1246 a multiple of 14?
True
Is 40 a factor of 1335?
False
Is 25 a factor of 11225?
True
Is 6 a multiple of 4?
False
Is 6 a factor of 732?
True
Is 3 a factor of 131?
False
Is 67 a factor of 5628?
True
Does 14 divide 19793?
False
Does 68 divide 3740?
True
Does 25 divide 528?
False
Is 11 a factor of 957?
True
Is 8637 a multiple of 15?
False
Does 3 divide 7338?
True
Is 54 a multiple of 27?
True
Is 3 a factor of 182?
False
Is 6257 a multiple of 112?
False
Is 1710 a multiple of 95?
True
Does 19 divide 1577?
True
Does 4 divide 44?
True
Is 6248 a multiple of 26?
False
Is 1659 a multiple of 79?
True
Is 17 a factor of 5905?
False
Does 7 divide 749?
True
Does 30 divide 660?
True
Does 12 divide 828?
True
Does 12 divide 384?
True
Is 61 a factor of 1070?
False
Is 27 a factor of 49265?
False
Is 21 a multiple of 21?
True
Is 518 a factor of 70966?
True
Is 6985 a multiple of 85?
False
Does 30 divide 3330?
True
Does 33 divide 1008?
False
Is 14835 a multiple of 43?
True
Is 14580 a multiple of 81?
True
Is 2030 a multiple of 14?
True
Is 23 a factor of 391?
True
Does 76 divide 5430?
False
Is 18228 a multiple of 46?
False
Does 126 divide 18018?
True
Does 21 divide 15344?
False
Does 43 divide 793?
False
Is 1554 a multiple of 21?
True
Is 32411 a multiple of 14?
False
Is 16 a factor of 2576?
True
Is 2129 a multiple of 16?
False
Is 14218 a multiple of 41?
False
Is 7 a factor of 994?
True
Does 62 divide 1813?
False
Is 26 a factor of 104?
True
Is 16448 a multiple of 13?
False
Does 5 divide 1076?
False
Is 8 a factor of 368?
True
Is 4774 a multiple of 62?
True
Does 30 divide 19890?
True
Is 951 a multiple of 45?
False
Does 61 divide 6769?
False
Does 21 divide 848?
False
Is 1823 a multiple of 11?
False
Is 57 a factor of 342?
True
Does 42 divide 29958?
False
Is 55 a factor of 834?
False
Does 97 divide 1649?
True
Does 3 divide 661?
False
Is 61 a factor of 224?
False
Is 100226 a multiple of 83?
False
Does 21 divide 12054?
True
Is 121 a factor of 11952?
False
Does 13 divide 16746?
False
Does 4 divide 1764?
True
Does 63 divide 978?
False
Is 3397 a multiple of 79?
True
Is 54 a factor of 1350?
True
Is 191 a multiple of 50?
False
Does 67 divide 7705?
True
Is 1953 a multiple of 7?
True
Does 15 divide 1782?
False
Is 29 a factor of 3649?
False
Is 1186 a multiple of 6?
False
Does 108 divide 2268?
True
Does 20 divide 7160?
True
Is 44 a factor of 1716?
True
Is 8 a factor of 12904?
True
Is 3008 a multiple of 9?
False
Is 23157 a multiple of 72?
False
Is 41987 a multiple of 45?
False
Is 338 even?
True
Does 46 divide 92?
True
Is 266 a multiple of 16?
False
Is 21423 a multiple of 11?
False
Is 5025 a multiple of 15?
True
Does 38 divide 23555?
False
Is 13728 a multiple of 78?
True
Is 8690 a multiple of 11?
True
Is 20 a factor of 1190?
False
Does 5 divide 1011?
False
Is 29234 a multiple of 36?
False
Is 140 a factor of 9520?
True
Is 19 a factor of 6968?
False
Is 14 a factor of 77882?
True
Is 1305 a multiple of 10?
False
Does 30 divide 1376?
False
Does 18 divide 7065?
False
Is 125 a multiple of 5?
True
Is 7 a factor of 291?
False
Is 117 a factor of 1053?
True
Is 16 a factor of 1216?
True
Is 130 a factor of 4290?
True
Does 11 divide 10686?
False
Is 9 a factor of 5908?
False
Is 341 a multiple of 11?
True
Is 6 a factor of 60?
True
Is 6311 a multiple of 38?
False
Is 968 a multiple of 22?
True
Is 27 a factor of 5706?
False
Does 13 divide 702?
True
Is 50 a factor of 1291?
False
Does 9 divide 169?
False
Is 27456 a multiple of 26?
True
Is 24 a factor of 10176?
True
Is 387 a multiple of 129?
True
Is 2622 a multiple of 114?
True
Does 12 divide 6170?
False
Is 5 a factor of 2339?
False
Is 4164 a multiple of 19?
False
Is 109 a factor of 3914?
False
Is 14445 a multiple of 135?
True
Is 119 a factor of 5454?
False
Is 282 a multiple of 18?
False
Does 21 divide 15939?
True
Does 9 divide 56817?
True
Does 36 divide